ate the highest common factor of 6785 and s.
115
Let c(w) = 5*w**2 + 88*w - 175. Let h be c(2). Calculate the highest common factor of h and 1099.
7
Suppose -170*y - 4*y = -738456. Calculate the highest common factor of y and 20.
4
Let r = -179 - -412. Let z = 303 - r. Calculate the highest common factor of z and 56.
14
Let f be (72/(-52))/((-194)/2522). Let v(c) = 96*c. Let r be v(3). What is the greatest common divisor of f and r?
18
Suppose 4*m = -10*m + 42. Suppose 6*c - 64 = 4*c + 2*v, m*c - v = 104. Suppose -37*y + c*y + 15 = 0. What is the highest common factor of y and 120?
15
Let p be 1734/85*(-3)/((-6)/5). Let g = 14 + p. Suppose 4*y + d = -0*d + 32, 0 = -5*y + 5*d + g. What is the greatest common divisor of y and 6?
3
Let k be 9/5 + (-20)/25. Let h(c) = 6*c**2 - c - 20. Let g be h(2). What is the greatest common divisor of k and g?
1
Suppose -3*s + m + 6 = 0, 3*s = -2*m - 2 - 1. Let w = 31 - s. Let u be (-64)/32 + (w - (1 + 0)). What is the highest common divisor of 189 and u?
27
Suppose 7*k + 5 = 2*k, -s + 209 = k. What is the highest common factor of 910 and s?
70
Suppose -2064 = -d - 11*d. Let z be d/4 - 1/2*2. What is the greatest common divisor of z and 112?
14
Let l be 3 - 2 - (0 - 19). Let c be (-11 + -1)*21*(-8)/(-24). Let o be (-24)/c + 54/7. Calculate the greatest common factor of l and o.
4
Let r be (72/27)/8*(-141)/(-1). What is the greatest common factor of 1 and r?
1
Suppose 5*l - 2*x = 1262, 4*l - 36*x - 988 = -38*x. Calculate the highest common divisor of 4950 and l.
50
Let n = 332 + -327. Suppose n*f - 254 = 181. Calculate the greatest common divisor of f and 29.
29
Suppose -626*m = 3*q - 632*m - 5358, 3554 = 2*q + 2*m. Calculate the highest common factor of q and 60.
20
Let v be (770 - 1) + (-4 - 16/(-8)). Let g be (0 - (0 - 3)) + 0 - -10. Calculate the greatest common factor of v and g.
13
Suppose r - 28 = -5*m, -r - 4*m + 22 = -2*m. Let k = 826 - 457. Calculate the greatest common factor of r and k.
9
Suppose 40*p - 44*p + 85 = j, 0 = -5*p + 3*j + 119. Calculate the greatest common factor of p and 715.
11
Suppose 4*p - 2 = 38. Suppose h - 19 = -5*m, 4*h = 5*m - 0*m - 24. Suppose 4 = x, -m*x + 18 = 2*i - 2. Calculate the greatest common factor of p and i.
2
Let x(d) = 2*d + 17. Let j = 204 - 173. Let y be x(j). Calculate the highest common divisor of 869 and y.
79
Let s(x) = -x**2 - 5*x - 4. Let v be s(-3). Suppose -2*c + 6*c + 17 = a, -v*a - 3*c = -12. Let j = 29 - a. Calculate the greatest common divisor of 140 and j.
20
Suppose 0 = -3*v, -4*c - v + 5832 = -v + v. Calculate the highest common divisor of c and 1782.
162
Let a be (4/2)/2 - 1368/(-6). Calculate the greatest common factor of a and 2.
1
Let s(r) = r**3 - 9*r**2 - 4*r - 352. Let a be s(12). What is the greatest common factor of a and 5344?
32
Let a(k) = 3*k**2 + 14*k - 35. Let s be a(-20). Calculate the greatest common divisor of s and 210.
15
Let w(y) = -33. Let j(n) = -n + 133. Let d(m) = -2*j(m) - 9*w(m). Let x be d(7). What is the highest common divisor of 5 and x?
5
Let p be 682/8 + 1/(-4). Let r(j) = 20*j + 162. Let k be r(-8). Suppose 2*i = 2*n - k*i - 60, -2*i + 4 = 0. What is the greatest common divisor of p and n?
17
Let u(i) = 161*i - 3039. Let q be u(20). Calculate the highest common factor of 4525 and q.
181
Let i be (2 + -7)*((-114)/10 - -5). Suppose 3 = -i*y + 33*y. Suppose 0 = -2*r + 8, -2*r + 239 = y*x. What is the greatest common divisor of x and 7?
7
Let f be (32/(-40))/((-3)/15). Let a(i) = i + f*i - 23 + 18 + 6*i**2. Let j be a(2). What is the highest common factor of j and 116?
29
Suppose 10*q + 53757 = 13*q + 3*b, -16*q = -5*b - 286599. What is the greatest common factor of 106 and q?
106
Let d be 15 - ((-14)/28)/(1/(-2)). Suppose -560 = 3*s + 2*s - k, -4*s = -5*k + 448. Let z be ((-253)/92)/(2/s). Calculate the greatest common factor of z and d.
14
Let u(l) = -5*l + 228. Let q be u(43). Let v = -8 + 60. Calculate the greatest common factor of q and v.
13
Suppose 193*o - 93*o = 93*o + 1785. Calculate the greatest common divisor of o and 45.
15
Suppose 0 = 5*p - 0*p - 2280. Let x = 114928 - 114868. What is the greatest common factor of x and p?
12
Suppose -3*x - x = -4. Let a(v) = -v**3 - 2*v**2 + 12*v + 11. Let p be a(0). Calculate the greatest common factor of p and x.
1
Let b be -21 - 6 - (3/(-1) - 3). Let s be b/84 - 82/8*-1. Calculate the greatest common factor of s and 110.
10
Suppose -181 = -5*n + t + 542, 573 = 4*n + t. Suppose 34*w = n + 162. What is the greatest common factor of 45 and w?
9
Let o = -21961 - -53331. Calculate the greatest common divisor of 10 and o.
10
Let x(r) = 2*r**3 - 2*r**2 - 2. Let j(h) = 6*h + 45. Let d be j(-7). Let s be x(d). Calculate the highest common divisor of 17 and s.
17
Let y(c) = 14*c. Let b be y(4). Let n(l) = -2927*l - 32181. Let f be n(-11). What is the highest common divisor of f and b?
8
Suppose -24*u + 243 = -261. Calculate the greatest common divisor of u and 4683.
21
Let c be 0 - -45 - (-1 - 5)/(-6). Suppose -3*b + 79 = -c. Suppose -3*g + 13 = -b. Calculate the greatest common divisor of g and 3.
3
Let x be 14 + (0/(-1))/(4/2). Let o(b) = 46*b + 31. Let m be o(x). Let a be m/12 + (-1)/4. Calculate the greatest common divisor of a and 8.
8
Let u = 735 + -736. Let r be (102/2)/u*18/(-27). Calculate the highest common factor of 595 and r.
17
Suppose -11*x + 528 - 18 = -7. Calculate the highest common factor of x and 16.
1
Let f(p) be the third derivative of 11*p**5/60 + p**4/24 - 5*p**3/2 + 41*p**2. Let x be f(4). Calculate the greatest common divisor of 66 and x.
33
Let f(m) = m - 3. Let c be f(6). Let v be 14 + -3 + 0 + c. Let k be (-24)/v*(-14 - 28). What is the greatest common factor of 8 and k?
8
Let w be 50/(-15)*(-3192)/10. Calculate the highest common factor of 168 and w.
56
Suppose x = 5*h - 22, -2*x + 18 = 4*h + 6. Suppose 243 = 5*s + h*b - b, -2 = -2*b. Calculate the greatest common divisor of 126 and s.
6
Suppose -16*a + 198616 = 58*a. Calculate the highest common divisor of a and 183.
61
Suppose 4 = -q + 73. Suppose -17*n + 20*n = q. Suppose -2*u = -3*h - n, 4*u = 4*h - 9 + 61. What is the highest common divisor of u and 48?
16
Suppose 0*k - 128 = 5*k + 3*j, 0 = -j - 1. Let x = 29 + k. Let n(d) = d + 20. Let h be n(-18). Calculate the greatest common factor of x and h.
2
Let i = 83 + -7. Let a be 114*((-4884)/216 - -22)*-6. Calculate the highest common factor of a and i.
38
Let z(p) = -13*p - 367. Let j(y) = 25*y + 221. Let l be j(-10). Let x be z(l). What is the highest common factor of 16 and x?
2
Suppose 140 = -3*q + 518. Let a = 186 - 92. Suppose -a*d = -101*d + 126. What is the highest common divisor of d and q?
18
Let h(a) = 32*a + 97. Let n(c) = -32*c - 97. Let g(l) = 3*h(l) + 2*n(l). Let w be g(-3). What is the greatest common factor of w and 2?
1
Let l be -118*1 - 2 - (7 - 5). Let u = l - -302. Let b = -28 - -48. What is the greatest common divisor of b and u?
20
Suppose 11*y - 2150 - 2818 = 2457. Calculate the greatest common factor of y and 45.
45
Suppose -73 = -4*s - 5*j + 471, -5*s + 725 = -5*j. Let t be (-936)/30*(-5)/(-2). Let n = s + t. What is the greatest common divisor of 42 and n?
21
Let m = -1907 + 4414. What is the highest common divisor of 218 and m?
109
Suppose 5*o - 1 - 396 = c, 4*o = 3*c + 311. Suppose 770*w - 777*w = -112. Calculate the greatest common factor of w and o.
16
Let n(l) = 7*l**3 - 24*l**2 - 13*l + 13. Let h be n(4). What is the highest common divisor of 800 and h?
25
Let s = -15754 - -15770. What is the greatest common divisor of 6616 and s?
8
Let d = -32298 + 36796. Calculate the greatest common factor of d and 78.
26
Suppose 5*x - 26073 - 35497 = -10*k, x - 12307 = -3*k. What is the highest common divisor of x and 184?
184
Let a be 268/(-67) - ((-7 - -1) + 1). Suppose g - 86 + a = 0. What is the highest common factor of 5 and g?
5
Let y = -51 - 19. Let n = y + 74. Suppose -5*i - 5*c - 205 = -10*i, -n*c = 3*i - 144. Calculate the greatest common factor of 4 and i.
4
Suppose -x + 9 = 4. Suppose -13 = 4*w - 7*w - 4*j, 0 = -x*w + 3*j + 12. What is the greatest common factor of 27 and w?
3
Suppose 0 = -5*t + 31706 - 31621. Suppose 2*x - 340 = -2*x. What is the highest common factor of x and t?
17
Let v = 2765 - 1937. What is th